te the remainder when 1 + (78 - (-2 + 4)) is divided by c.
14
Let j(u) = u**2 + 8*u + 9. Suppose 3*k + 2*k - 10 = 0. Suppose h + 39 = -4*q, -k*q + 5*q + 36 = -3*h. What is the remainder when 33 is divided by j(q)?
15
Calculate the remainder when 8 is divided by (-28)/8 - (-6)/(-12) - -9.
3
Let q be 46/69 + (-254)/(-6). Let o = -31 + q. Calculate the remainder when 47 is divided by o.
11
Suppose 0 = 2*d - 6*d + 3*f - 31, -4 = -4*f. Let u = d + 11. Suppose 41 = u*n + 9. What is the remainder when 22 is divided by n?
6
What is the remainder when 121 is divided by ((-168)/30)/((-12)/90)?
37
Let n = -704 + 723. Suppose 4*c + 5*x = 130, c = -4*x + 13 + 14. Calculate the remainder when c is divided by n.
16
Suppose -14*o - 40 = -12*o. Calculate the remainder when o/(-9) - 18/81 is divided by (-1 + (-1)/(-3))*-3.
0
Let x(b) = -2*b**3 - 8*b**2 + 5*b - 5. Let z be x(-6). What is the remainder when 14/(-84) + z/6 is divided by 10?
8
Suppose 0 = -4*k - 16, 3*w - 166 = 2*k + 1393. What is the remainder when w is divided by 13?
10
Suppose 0 = 4*i - 6*i + 68. Suppose i - 202 = -4*u. Calculate the remainder when u is divided by 15.
12
Suppose 2*w + 27 - 45 = 0. Calculate the remainder when 34 is divided by w.
7
Let k(g) = 1 + 7*g**2 + 12*g**2 - 7*g**2 - 2*g. Let t be k(-3). Suppose v - 6*v = -t. Calculate the remainder when v is divided by 12.
11
Let v = -52 + 55. Calculate the remainder when 12/(-3)*v/6*-4 is divided by 5.
3
Let l(n) = -n**2 + 12*n - 10. Let p be l(4). Suppose -p*x + 115 = -17*x. What is the remainder when 64 is divided by x?
18
Suppose 12 = 5*o - 3. Suppose -4*t + t = -3*m - 18, 0 = -4*t + 5*m + 24. Let c(j) = 4*j - 15. Calculate the remainder when c(t) is divided by o.
0
Suppose w - 2*p = p + 101, -4*w = -4*p - 380. Calculate the remainder when w is divided by ((-3136)/245)/((6/15)/(-1)).
28
Let c(j) = j**2 + 9*j + 22. Let y be c(-5). Suppose 3*x - v = 83, -y*x - 4*v = 6 - 38. Calculate the remainder when 51 is divided by x.
25
Let q(d) = -3*d + 1. Let x(l) = 5*l**2 + 6*l + 16. Let p be x(-4). Let c = -65 + p. What is the remainder when q(-3) is divided by c?
3
Suppose 443*p - 449*p = -18. What is the remainder when 163 is divided by p?
1
Suppose a + 0*a = 5*n - 555, -5*a = -3*n + 333. Suppose -2*d - 3*t = -n, 4*d - 3*t - 222 + 9 = 0. What is the remainder when d is divided by 7?
5
Let k = -6 + 6. Suppose -3*s + 4*z + 202 = k, 4*s + 0*z - 2*z = 266. Let p = 12 - -5. Calculate the remainder when s is divided by p.
15
Let g(v) = 2*v**3 - 7*v**2 + 6*v - 4. Let u be g(3). Suppose -2*q - 4*o = -2*o - 48, 64 = 3*q - u*o. What is the remainder when q is divided by 6?
5
Suppose 2*m + j + 19 = 3*m, -3*j + 48 = 4*m. What is the remainder when ((-504)/(-16) + -2)/((-1)/(-2)) is divided by m?
14
Let n = -1509 - -1602. Calculate the remainder when n is divided by 25.
18
Let u be (-273)/(-5) - (3 - (-51)/(-15)). Suppose -4*o + u = l, l - 2*l = 2*o - 27. Calculate the remainder when 24 is divided by o.
10
Let n = 7 - -18. Suppose -2*c = -4*c + 3*s + 11, 5*c = s + 34. What is the remainder when n is divided by c?
4
Let q(c) = 2*c + 60. What is the remainder when 87 is divided by q(-18)?
15
Suppose 0 = -2*l - 2, 0*m - 5*l = 5*m - 205. What is the remainder when m is divided by (-3 + 4/(-6))*-3?
9
Let r = -482 + 503. Calculate the remainder when 33 is divided by r.
12
Suppose -9*x = -8*x + 2*l - 41, 5*x - 185 = -5*l. Calculate the remainder when 48 is divided by x.
15
Let q(c) = -7*c**3 + 99*c**2 - 8*c - 48. Calculate the remainder when q(14) is divided by 14*(-3 - (3 - 7)).
8
Let m be ((-34)/(-2)*-1)/1. Let z be (-3 + (-45)/(-35))/(4/28). Let s = z - m. What is the remainder when 9 is divided by s?
4
Let w = 45 + -43. Calculate the remainder when 45 is divided by w/((5 - 7)/(-12)).
9
Suppose 3*x - 5*g = 108, 3*x + 0*g = 2*g + 117. What is the remainder when 363 is divided by x?
35
Suppose -5*m + 30 + 55 = 0. What is the remainder when m is divided by (-32)/10*1*10/(-4)?
1
What is the remainder when 1/(3920/(-785) - -5) is divided by 10?
7
Let b(c) = -3*c - 8. Let r(y) = -10*y - 23. Let j(u) = -7*b(u) + 2*r(u). Let d = -24 - -76. Calculate the remainder when d is divided by j(4).
10
Suppose 3*g + 4*h - 11 = 5*h, -3*g = 5*h - 17. What is the remainder when 1 + (-50)/35 - (-104)/14 is divided by g?
3
What is the remainder when 93 is divided by 4 + (8 - 8)/(-2)?
1
Let t be (-1)/(-3) + 58/(-3). Let y = t - -24. What is the remainder when 5 is divided by y?
0
Let w(k) = -6*k**2 - 6*k**2 - 11*k**2 + 13 - 24*k + k**3. Calculate the remainder when 50 is divided by w(24).
11
Let t = -2688 + 2853. What is the remainder when t is divided by 134?
31
Let o be ((-185)/(-20) + 0)/((-1)/4). Let i = o + 58. Calculate the remainder when 39 is divided by i.
18
Suppose -5*f - 2*m = 11, -2*f + 4*f + m + 4 = 0. Let s be (-3 + 18)*f/(-1). Suppose -4*c + 15 = -s. What is the remainder when c is divided by 8?
7
Let o(t) = 9*t - 12*t + t**2 + 3*t**2 - t**3. Let n be o(2). Suppose 5*g - n*w = 93, -5*g + 0*g - 3*w + 98 = 0. What is the remainder when 37 is divided by g?
18
Suppose 2*c + 17 = 3*n, -4*n + 13 = -3*c - 11. What is the remainder when n is divided by 4/3*81/36?
0
Let p(m) = -m**2 + 4*m + 25. Let k be p(6). Suppose -8*y - 115 = -k*y. What is the remainder when y is divided by 9?
5
Calculate the remainder when (1 + 2 + 364 - 5)/2 is divided by 62.
57
Let z(l) = l**2 - 10*l + 15. Let a be z(7). Calculate the remainder when 17/a + 3 + (-46)/(-12) is divided by 2.
0
Let s be 46/6 + (-16)/24. Suppose -o - s = -17. What is the remainder when 37 is divided by o?
7
Let o = -33 + 35. Suppose -3*m - 2*f = -5, -2*f - f + 3 = 0. Suppose 39 = o*y + m. What is the remainder when 74 is divided by y?
17
Suppose 13 = 3*b - 2*n, 4 = 2*b + 2*b + 4*n. Let y be 1/b + 280/6. Let o = y + -8. What is the remainder when 154 is divided by o?
37
Calculate the remainder when 87 is divided by 10/(-150) - 362/(-30).
3
Let a(q) = q**2 + 5*q + 9. Let y be a(6). Let m = y + -40. Calculate the remainder when m is divided by 10.
5
Suppose 2*r - 4*s = -r + 27, -19 = -5*r - 2*s. Suppose -4 = -y, 78 = r*t - 4*y - 351. Calculate the remainder when t is divided by 15.
14
Suppose 11*k - 196 = -64. What is the remainder when 1125 is divided by k?
9
Let z(c) = -c**2 - 13*c. Let h be z(-5). Suppose -h = -2*s - s - l, -3*s - 2*l = -41. Calculate the remainder when s is divided by 8.
5
Let h = 32 + 2. Let a = h + 2. Let p = a - 10. Calculate the remainder when p is divided by 10.
6
Calculate the remainder when (291/(-3))/(3/(-6)) is divided by 66.
62
Suppose -2*n + 9*n = 693. What is the remainder when n is divided by 5/10*2 + 50?
48
Let z = 250 - 230. Calculate the remainder when 94 is divided by z.
14
Let m = 34 + -34. Suppose m*p - 20 = -p. What is the remainder when p is divided by 8?
4
Suppose -72*t - 2970 = -82*t. What is the remainder when t is divided by 15?
12
Let w(y) = -2*y - 15. Suppose 471 = -17*j + 1508. What is the remainder when j is divided by w(-19)?
15
Calculate the remainder when 1143 is divided by (2 + 34 - (23 - 18)) + 0.
27
Let w = -9 + 14. Suppose 0 = -w*s - 0*s + 40. Calculate the remainder when 23 is divided by s.
7
Suppose 5*p - 10 = 4*p. Let z(r) = r**2 + 13*r + 16. What is the remainder when z(-13) is divided by p?
6
What is the remainder when 312 is divided by 275/20 + 5/20?
4
Let w = -154 - -165. What is the remainder when 226 is divided by w?
6
Let y = 48 - 28. Calculate the remainder when ((-39)/65)/((-6)/740) is divided by y.
14
Let s = 41 - 20. What is the remainder when 171/6*(-7 + 9) is divided by s?
15
Let f(h) = -2*h**3 - h**2 + h - 1. Let n = -56 - -73. Let d = n - 1. Calculate the remainder when d is divided by f(-2).
7
Let x(f) = f**3 + 3*f**2 + 2*f + 4. Let p be x(-5). Let h = -2 - p. Suppose r - 16 = -4*i, -81 = -0*r - 3*r - i. What is the remainder when h is divided by r?
26
Suppose 3*o + o + 64 = 0. Calculate the remainder when 14 - o/((-16)/(-4)) is divided by 7.
4
Suppose 5*u + 0*u = 5*s - 110, -s - 2*u + 37 = 0. Suppose -10 - 35 = -3*x. What is the remainder when s is divided by x?
12
Suppose 0 = 15*k - 24 - 216. Calculate the remainder when 121 is divided by k.
9
Let a = -44 - -56. What is the remainder when 20 is divided by -3 + a/8 + (-63)/(-6)?
2
Let a(d) = d**3 